{"id":2,"date":"2017-09-22T17:26:49","date_gmt":"2017-09-22T20:26:49","guid":{"rendered":"http:\/\/www2.lapisecanetas.com.br\/?page_id=2"},"modified":"2017-09-23T11:41:32","modified_gmt":"2017-09-23T14:41:32","slug":"pagina-exemplo","status":"publish","type":"page","link":"https:\/\/www.lapisecanetas.com.br\/?page_id=2","title":{"rendered":"EMPRESA"},"content":{"rendered":"<p><strong>Quem Somos<\/strong><!--more--><\/p>\n<p><strong>L\u00c1PIS E CANETAS<\/strong> \u00e9\u00a0 uma empresa que atua no segmento de Brindes Promocionais e est\u00e1 no mercado desde 2001. N\u00f3s da L\u00c1PIS E CANETAS \u00a0temos no mercado promocional uma participa\u00e7\u00e3o ativa e representativa, trabalhamos com seriedade e dedica\u00e7\u00e3o junto aos nossos clientes para fornecer-lhes produtos de alt\u00edssima qualidade, no melhor prazo e o pre\u00e7o do mercado.<\/p>\n<p>Tudo isso faz da <strong>L\u00c1PIS E CANETAS<\/strong> uma empresa altamente qualificada e produtiva para atender voc\u00ea e a sua empresa, para que possamos atrav\u00e9s de nossos produtos, representa-lo e divulga-lo em todas as suas promo\u00e7\u00f5es.<\/p>\n<p><strong>Vis\u00e3o Geral<\/strong><\/p>\n<p>A <strong>L\u00c1PIS E CANETAS<\/strong> seguindo a tend\u00eancia mundial, apresenta-se como uma empresa compacta e informatizada, provedora de solu\u00e7\u00f5es para marketing atrav\u00e9s de objetos. Formada por profissionais competentes e atualizados, com ampla experi\u00eancia em computa\u00e7\u00e3o gr\u00e1fica em 2 e 3 dimens\u00f5es, publicidade, tecnologia em brindes de alt\u00edssima qualidade.<\/p>\n<p><strong>Produtos<\/strong><\/p>\n<p>Os itens que produzimos s\u00e3o Produtos em PVC laminado, calend\u00e1rios de mesa, pastas, canetas, injetados, etc. Atualizamos diariamente nosso site com os \u00faltimos lan\u00e7amentos do mercado, oferecendo sempre novas sugest\u00f5es na hora de escolher o brinde para sua empresa.<\/p>\n<p>&nbsp;<\/p>\n<p><strong>Localiza\u00e7\u00e3o<\/strong><br \/>\nRua Tenente Silvio Fleming, 11 Conj. 49 &#8211; V. Bonilha<br \/>\nS\u00e3o Paulo, SP<br \/>\nCEP 02935-090<\/p>\n<p>Contato<br \/>\n\u2022 Tel.: 11 2869-0650<br \/>\n\u2022 romeu@lapisecanetas.com.br<\/p>\n","protected":false},"excerpt":{"rendered":"<p>Quem Somos<\/p>\n","protected":false},"author":1,"featured_media":0,"parent":0,"menu_order":0,"comment_status":"closed","ping_status":"open","template":"","meta":{"ngg_post_thumbnail":0,"footnotes":""},"class_list":["post-2","page","type-page","status-publish","hentry"],"_links":{"self":[{"href":"https:\/\/www.lapisecanetas.com.br\/index.php?rest_route=\/wp\/v2\/pages\/2","targetHints":{"allow":["GET"]}}],"collection":[{"href":"https:\/\/www.lapisecanetas.com.br\/index.php?rest_route=\/wp\/v2\/pages"}],"about":[{"href":"https:\/\/www.lapisecanetas.com.br\/index.php?rest_route=\/wp\/v2\/types\/page"}],"author":[{"embeddable":true,"href":"https:\/\/www.lapisecanetas.com.br\/index.php?rest_route=\/wp\/v2\/users\/1"}],"replies":[{"embeddable":true,"href":"https:\/\/www.lapisecanetas.com.br\/index.php?rest_route=%2Fwp%2Fv2%2Fcomments&post=2"}],"version-history":[{"count":3,"href":"https:\/\/www.lapisecanetas.com.br\/index.php?rest_route=\/wp\/v2\/pages\/2\/revisions"}],"predecessor-version":[{"id":40,"href":"https:\/\/www.lapisecanetas.com.br\/index.php?rest_route=\/wp\/v2\/pages\/2\/revisions\/40"}],"wp:attachment":[{"href":"https:\/\/www.lapisecanetas.com.br\/index.php?rest_route=%2Fwp%2Fv2%2Fmedia&parent=2"}],"curies":[{"name":"wp","href":"https:\/\/api.w.org\/{rel}","templated":true}]}}